38. What is the tens digit of p?
6
Let o = -108 + 145. What is the tens digit of ((-20)/4 - -1) + o?
3
Let g = -2 - -7. Let t = -1 + g. Suppose t*a - 128 = -0*a. What is the tens digit of a?
3
Suppose -2*b + 7985 = z, 5238 + 14712 = 5*b + 5*z. What is the thousands digit of b?
3
Let x(l) = 59*l - 1. Let h be 4/((-4)/(-1)) - 0. What is the units digit of x(h)?
8
Suppose -588*x + 16401 = -555*x. What is the hundreds digit of x?
4
Let g = -424 - -1035. What is the hundreds digit of g?
6
Let a(c) = 6*c - 23*c**2 - 6*c - 22*c**2. Let z be a(-1). Let q = 68 + z. What is the tens digit of q?
2
Let k = -198 - -582. What is the tens digit of k?
8
Let j = 5223 - 3007. What is the units digit of j?
6
Let d = 1212 - -793. What is the hundreds digit of d?
0
Let l = -913 - -1527. What is the units digit of l?
4
Suppose 2*k + 15 = w, 34 + 11 = -3*k - 3*w. Let b = k + 10. Suppose -2*x + 20 + 14 = b. What is the tens digit of x?
1
Let g be (-44)/12 - (-1)/(-3). Let i be (34/g)/((-1)/2). Let v = i - -11. What is the units digit of v?
8
Suppose 292 = 4*f - 8*f. Let z = -4 - f. Suppose 3*y + 0*y = z. What is the tens digit of y?
2
Suppose 8*q + 24600 = 58*q. What is the units digit of q?
2
Suppose 5*y + 50 = 15*y. Suppose -9*i = -4*c - 14*i + 470, 0 = 3*c - y*i - 370. What is the hundreds digit of c?
1
Let a be (-28)/20 + 1 + 201/15. Let p = -4 - -1. Let o = a + p. What is the units digit of o?
0
Let v(w) = w + 3. Let i be v(-5). Let r be i/7 - 60/35. What is the tens digit of 138/((-6)/(-2)) - r?
4
Let d = -4063 + 7974. What is the tens digit of d?
1
Let r(k) = -k**3 + 25*k**2 - 26*k - 21. What is the tens digit of r(23)?
3
Suppose 67 = 3*d + 10. Let x = 127 + -46. Let m = x - d. What is the tens digit of m?
6
Let z = 560 + 240. What is the tens digit of z?
0
Let r = 12 + 97. Suppose -r = 7*s - 627. What is the tens digit of s?
7
Suppose 0 = -48*r + 767 + 5281. What is the hundreds digit of r?
1
Suppose -44 = 4*y - 0*l + 4*l, 5*y + 3*l = -51. Let t(q) = q**2 + 10*q - 7. Let u be t(y). Let s = 41 + u. What is the tens digit of s?
2
What is the thousands digit of 16*-1*((-114855)/52)/31?
1
Suppose 4*i = 9 + 11. Suppose 1 = -z + i. Suppose z*j = -8 + 28. What is the units digit of j?
5
Let h(q) = q**3 - q**2 + 7*q + 6. Let m be h(5). Let u = 32 - -13. What is the units digit of m/u + 4/(-30)?
3
Let m(j) = 2*j + 61. What is the tens digit of m(-15)?
3
Let y(b) = b**2 + 6*b - 7. Let d be 41/4 - (-10)/(-40). Suppose -l = -o + d, 0 = -3*o - o - l + 20. What is the tens digit of y(o)?
6
Let b(v) = 4*v**3 + 61*v**2 - 36*v + 19. What is the hundreds digit of b(-15)?
7
Let u(z) = 17*z**2 + 2 - 33*z**2 + 22*z**2. Let q(w) = w**3 + 3*w**2 - w - 1. Let l be q(-3). What is the tens digit of u(l)?
2
Suppose -2*k - 6887 = -3*y, -2*y + 5*k = 1342 - 5948. What is the thousands digit of y?
2
Suppose 3*o = 783 + 522. What is the hundreds digit of o?
4
Suppose -10*n + 7*n = -240. What is the tens digit of n?
8
Let o be 4/8*-2*-49. Suppose a - o = 6. Suppose -5*d + 4*h = -a, 0*d - h = -2*d + 25. What is the units digit of d?
5
Let v(n) = -n + 6. Suppose 6*c = 4*c. Suppose c = 4*m - 3*m + 3. What is the units digit of v(m)?
9
Let d be (3/4)/(3/24). Suppose 0 = 8*i - d*i - 38. What is the tens digit of i?
1
Suppose 3*i - 3*u - 65 = -20, -5*i + 4*u + 80 = 0. Suppose f - i = -f. Let b = 20 + f. What is the tens digit of b?
3
Let y(s) = 6*s**2 + s. Let r = -38 - -35. What is the tens digit of y(r)?
5
Let r = 7 - 17. Let d = 5 + r. Let l = -4 - d. What is the units digit of l?
1
Let h = -22 - -31. Let y(o) = -4*o + o**3 - 912*o**2 - 3 + 6 + 904*o**2. What is the tens digit of y(h)?
4
Let k be (-1 + 2)*0/(-3). Let y be (16/20)/(5/25). Suppose -x + 6*g - y*g + 29 = 0, -5*x - 5*g + 190 = k. What is the units digit of x?
5
Suppose 4*i - 29 = -13. Suppose 4*t - 5*t + i = 0. What is the units digit of t?
4
Suppose -2*f + 7*f + 15 = 0. Let k be 52/f*(-9)/3. Let s = -18 + k. What is the units digit of s?
4
Let y be (-34)/(-4) - 1 - (-18)/36. Suppose 0*b - 688 = -y*b. What is the units digit of b?
6
Let i = -115 - -119. Suppose -i*v = -417 - 51. What is the tens digit of v?
1
Let b(v) = v**3 + 4*v**2 - 2*v - 4. Let s be b(-4). Suppose -s*w + 1184 = 192. What is the units digit of w?
8
Let j = 151 + 84. Suppose j = 9*w - 287. What is the tens digit of w?
5
Let l be 3*(2 + 0)*15/6. What is the units digit of (-331 - 1)*(l/6)/(-5)?
6
Let v = 23 - 13. Suppose 274 = 27*t + 31. Let k = v - t. What is the units digit of k?
1
Let x = 120 - 28. Suppose 0 = 5*o - x - 163. What is the units digit of o?
1
Let o = 962 - 386. Suppose -4*p - 3*y + 768 = -2*y, -o = -3*p - y. What is the tens digit of p?
9
Suppose 4*z - 2*l = -l - 238, -5*z - l = 302. Let k = z + 113. What is the tens digit of k?
5
Let j be (-9)/(4/176*-2). Let v = j + -130. What is the units digit of v?
8
Let l(p) = 18*p**2 + 31*p - 1. What is the hundreds digit of l(-11)?
8
Suppose 5*q - 4*q = 3*n + 489, -5*q + n + 2417 = 0. Suppose -6*c - 69 + q = 0. What is the tens digit of c?
6
Let d(p) = p**3 - 2*p**2 + 2*p + 1. Let l be d(2). Suppose -q - z = -0*q - 42, 0 = -2*q - l*z + 93. Let r = q - 20. What is the units digit of r?
9
Suppose -3*d - 812 = -a + 445, -3771 = -3*a + d. Suppose 5*g - a = -7. What is the tens digit of g?
5
Let n be (2*(1 - 0))/((-2)/4). What is the tens digit of (-3)/((-12)/229) - 3/n?
5
Let t be 50/14 - 24/42. Suppose -3*p - 2*x = 2*p - 23, 0 = 4*p - t*x. What is the units digit of p?
3
Let b(v) = 2*v**2 + 6*v + 1. Let g be b(-4). Let i = -1 + g. What is the tens digit of 326/i - (-7)/28?
4
Let w(x) = -3*x**2 + 3*x - 2. Let f be w(4). Let u be (-328)/(-6) + 36/(-54). Let l = u + f. What is the units digit of l?
6
Suppose -1101 = -3*x - 0*x. What is the units digit of x?
7
Let s(x) = -x**2 + 2*x + 6. Let z = 8 - 2. Let m be s(z). Let k = m + 66. What is the units digit of k?
8
Let i = 12 + -12. Suppose i = -a - 4*a. Let j = a + 22. What is the tens digit of j?
2
Let k = 13 - 9. Suppose 0 = o - k, -m - 2*o + 16 = -0*m. Suppose -3*v - p = -3, 2*v + 0*p + m = -4*p. What is the units digit of v?
2
What is the hundreds digit of (7 + -2)*(-28016)/(-340)?
4
Suppose 6 = g + 10. What is the units digit of (-2506)/(-35) + g/(-10)?
2
Suppose -1677 = 11*h - 11456. What is the units digit of h?
9
Let p(k) = 2*k**2 + 18*k + 11. Let m be p(-8). What is the tens digit of (-196)/(-10)*(125/m)/(-5)?
9
Let c be 10/(-35) + 0 + 116/14. Suppose 0 = -7*f + c*f - 96. What is the units digit of f?
6
What is the hundreds digit of (3 + 3)*(3 - 454/(-6))?
4
Let q = -471 - -883. What is the units digit of q?
2
What is the units digit of 27288/36 + -1*5?
3
Let w(o) = -o**3 - 14*o**2 - 14*o - 11. Let j be w(-13). Suppose 0 = -j*r - 18 + 106. Let b = r - -2. What is the tens digit of b?
4
Suppose 0 = 2*j - 10, -i + 4*j = -28. Suppose 3*k - i = -3*g, k + 0*k + 3*g = 10. What is the tens digit of k?
1
Let l = 251 + -110. What is the hundreds digit of l?
1
Suppose -5*n - 26 - 19 = -5*o, 5*n + 20 = 0. Suppose 23 = o*z - 22. Suppose c - z - 18 = 0. What is the tens digit of c?
2
Suppose 4*a - 62 = -4*d - 462, 2*d + 3*a = -204. What is the tens digit of -4 + 8 + d/(-2)?
5
Let p(g) = g - 3. Let z be p(5). What is the tens digit of z/(-5) - 4432/(-80)?
5
Let q(t) = 4*t - 32. What is the units digit of q(29)?
4
Let n(y) = y**2 - 5*y - 10. Let o be n(7). Let t = o - -108. What is the hundreds digit of t?
1
Let q = -206 + 935. What is the units digit of q?
9
Suppose -3*q - 14 + 20 = 0. Suppose j - q*j = -29. What is the tens digit of j?
2
Suppose 4 = -4*q, 2*q + 3*q = -4*w + 2067. What is the hundreds digit of w?
5
Suppose -43*m = -16*m - 810. What is the units digit of m?
0
Let m = 121 - 102. Let i(o) = o**3 - 19*o**2 + 6*o - 19. What is the units digit of i(m)?
5
Suppose -r = 2*f - 6, -3*r + f = -r - 2. Let q(t) = 28*t**2 - 3*t + 2. Let w be q(r). Suppose 4*a = 2*j - 48, 72 = 5*j + 5*a - w. What is the units digit of j?
2
Let f(d) = -9 - d**2 + 8*d**2 - 2*d**2 + 2*d. What is the tens digit of f(4)?
7
Let l(q) = q**2 + 10*q + 4. Let z be l(-7). Let j = z + 18. What is the units digit of (-5)/(5/(-13)) + j?
4
Suppose 3 = -3*a + p - 4, 0 = -a + 2*p - 4. Let k = a + 8. What is the units digit of k?
6
Let t(h) = 11*h**2 + 34*h + 36. What is the hundreds digit of t(7)